Suppose 5*m + 18 = -r - 1, -5*r + 5 = 5*m. Let q be (-8)/(-12) - (-2)/r. What is the highest common factor of q and l?
1
Let j be 4/((-8)/6) + 7. Suppose j*d - r - 154 = -3*r, -2*r + 118 = 3*d. Let c be -8*(3/2)/(-1). What is the highest common factor of c and d?
12
Let z = 23 + -15. Suppose -5*k = 5*a - 95, -3*k + 5*a + 17 = -z. Calculate the greatest common divisor of k and 45.
15
Let b(k) = 3*k - 22. Let m be b(10). What is the highest common divisor of m and 12?
4
Let j(d) = -30*d**3 - d**2 - 2*d - 1. Let c be (3/(-9))/(3/9). Let f be j(c). What is the highest common factor of f and 45?
15
Let i(u) = 17*u**2 - 1. Let w be i(-1). Suppose 3*b - w = -b. What is the highest common divisor of b and 16?
4
Suppose 3*j = 2*k + 11, -6*j + 16 = -2*k - 2*j. Suppose -4*s + 130 = s + k*i, 0 = 5*s + i - 135. Calculate the greatest common factor of s and 42.
14
Suppose -q - 4*i + 1 = 0, q + q + 4*i = 10. Let j = -3 - q. Let v be 1/3 + (-380)/j. Calculate the greatest common factor of v and 8.
8
Let u be (-15)/((-3)/8*2). Let p be 24/3*u/2. Calculate the highest common divisor of p and 10.
10
Suppose 4*g - 3*g = 0. Suppose 12 = -g*c + 4*c. What is the greatest common divisor of c and 6?
3
Suppose -3*f = -2*s - 6, 0 = 5*f - 3*s - 6 - 5. Suppose 35 = 2*c - o, -c + 3*o + 6 = -f. What is the highest common divisor of 209 and c?
19
Suppose 5*r - 700 - 315 = -5*g, 0 = -2*g - 3*r + 411. Calculate the greatest common factor of g and 22.
22
Let b be -2 - 0 - (0 - 0). Let p be 6/3*(-4)/b. Suppose 5*l - 5*r = -p*r + 114, 4*l = -3*r + 76. What is the greatest common factor of 55 and l?
11
Let w = 109 - 8. Suppose l - 39 = -3*p, 0 = 3*l + l + p - w. Calculate the greatest common divisor of 168 and l.
24
Suppose -4*a = -7*a + 144. Suppose -389*y + 384*y = -120. Calculate the greatest common divisor of a and y.
24
Let n(f) = -2*f + 1. Let v = -9 + 8. Let g be n(v). Suppose -23 = -g*k - y, -5*y + 3*y + 28 = 3*k. Calculate the highest common factor of k and 2.
2
Let m(w) = -35*w + 2. Let a be m(-2). What is the highest common factor of a and 18?
18
Suppose -3*q - 2*d + 24 - 2 = 0, 3*d = -q + 12. What is the highest common divisor of q and 15?
3
Suppose -409 = -5*o - 2*z + 379, -z = -5*o + 791. Let d = o + -108. Let s = 64 - 44. Calculate the highest common divisor of d and s.
10
Let h = -306 + 462. Calculate the highest common divisor of 39 and h.
39
Let q = -7 - -9. What is the highest common divisor of 8 and q?
2
Let t = 97 - 52. Let k be 8 + (2 - (-1 + 2)/1). What is the greatest common factor of t and k?
9
Let p(k) = -k + 8. Let d be p(6). Suppose 88 = d*v - 0*v. Calculate the greatest common divisor of 66 and v.
22
Suppose -5*q = 3*g - 54, g = q - 2*g. Suppose 3*y - 3*h - 147 = 0, 0*y + 65 = y - 5*h. What is the greatest common divisor of y and q?
9
Suppose 4*u = -3*b - 29, -b - 3*u - 13 = -0. Let d = 13 + b. Suppose -3*f + 3 = -3*r + 2*r, 3*r - 61 = -5*f. Calculate the greatest common divisor of d and r.
6
Let f(t) = 31*t**2 - 14*t + 14. Let x be f(1). Suppose -68 = -k + 2*c, 8*k - 3*k - 325 = 5*c. Calculate the greatest common divisor of k and x.
31
Let u be ((1 - 3) + 16)/((-4)/(-8)). Calculate the highest common factor of u and 7.
7
Let h = -10 + 36. Let j be 2/5 + 8/5. Suppose 4*g - 176 = 4*b, -2*g + 29 = -g + j*b. What is the highest common divisor of g and h?
13
Let c(l) = -l - 1. Let b be c(-5). Suppose p - b = -p. Suppose 2*g = -w + g + 9, 4*w - 30 = p*g. Calculate the greatest common factor of 88 and w.
8
Let w be -4 - (-4 - (16 - 4)). What is the greatest common divisor of w and 36?
12
Suppose 11*t - 13*t = -24. What is the greatest common divisor of 24 and t?
12
Let a(u) = u**3 + u**2 + 22. Let h be a(0). Let b be 626/(-10) + 8/(-20). Let c = -30 - b. Calculate the highest common divisor of c and h.
11
Suppose -3*v + 99 = -5*f, 38 = 2*v - 3*f - 27. Let b = v - 16. Calculate the greatest common divisor of 48 and b.
12
Suppose -3*u - 2*u + 475 = 0. Let c(p) = -2*p**2 + 8*p - 13. Let y be c(10). Let s be (y/21)/(1/(-6)). What is the highest common factor of s and u?
19
Let i = 10 - 9. Calculate the highest common divisor of 1 and i.
1
Let a = 2 + 0. Suppose -a*d + 39 = m, -57 = -d - d + 5*m. Let h be 4/10 - (-13)/5. What is the greatest common divisor of h and d?
3
Let y = 237 - 127. Let w(n) = -n**3 + 3*n**2 + 3*n. Let b be w(3). Let a be (3/b - 1)*-15. Calculate the greatest common divisor of y and a.
10
Let x(c) = -8*c + 33. Let s be x(0). What is the highest common factor of 264 and s?
33
Let p be 18*(-6 + 2)*(-5)/3. What is the highest common divisor of p and 48?
24
Let g(n) = -n**3 - 9*n**2 - 2*n + 9. Let y be g(-9). Calculate the highest common divisor of 9 and y.
9
Let n = -2 - -5. What is the highest common factor of 18 and n?
3
Let g(v) = 2*v + 1. Let m be g(2). Let c = m + 15. Suppose 19 + 11 = a. Calculate the greatest common divisor of c and a.
10
Let p be (4 + -2 - 0) + 0. Suppose 4 + 0 = p*m. Let a(l) = l**3 - 17*l**2 - 19*l + 20. Let g be a(18). What is the greatest common divisor of g and m?
2
Suppose n = -2*n + 3. Suppose -n - 5 = -3*t. Let s(l) = -l**2 - 11*l. Let y be s(-9). What is the highest common factor of t and y?
2
Suppose 0 = 3*i - 7*i. Suppose -216 = -i*n - n. What is the greatest common factor of 24 and n?
24
Let o = 17 + 37. Let h be ((-2)/4)/((-2)/24). Calculate the greatest common divisor of h and o.
6
Suppose 1 = -m + 4. Suppose -3*c = -51 - m. What is the greatest common divisor of 2 and c?
2
Suppose -12*q + 198 - 30 = 0. Calculate the highest common factor of q and 238.
14
Let q be 30/((-5)/((-60)/9)). What is the greatest common divisor of q and 10?
10
Let u(o) = o**3. Let f be u(2). Suppose -5 = -5*y, -23 = -5*m - y + 43. Let p = -5 + m. What is the highest common factor of p and f?
8
Suppose -6 = -a - j + 25, 4*a + 5*j - 125 = 0. Calculate the greatest common divisor of 6 and a.
6
Let o = -26 + 44. Let g be -4 + o + (0 - -4). What is the greatest common factor of 12 and g?
6
Let g(t) be the second derivative of -3*t**3/2 + 13*t**2/2 + 5*t. Let s be g(-8). What is the greatest common factor of 17 and s?
17
Suppose 7*t = 2*t + 75. Calculate the greatest common divisor of 465 and t.
15
Let b(k) = -k**3 + 3*k**2 + 2*k - 3. Let d be b(3). Suppose -d - 45 = -w. Let u = 16 + -10. Calculate the highest common factor of w and u.
6
Let j = 30 - 9. Suppose -3*h + 3 = -2*h + 3*c, -2*h - c + 6 = 0. Suppose 123 = h*y - j. Calculate the greatest common divisor of y and 12.
12
Let h be (-15)/(-25) + 42/5. Calculate the greatest common divisor of 9 and h.
9
Let a = 501 + -237. Calculate the greatest common divisor of a and 33.
33
Suppose -5 = -5*r - 5*l + 10, 0 = -2*r - 5*l. Calculate the greatest common factor of r and 1.
1
Suppose 0 = r - 40 + 13. What is the greatest common factor of r and 18?
9
Let o = -1 - 0. Let a be o*((-1 - 25) + 2). What is the highest common divisor of a and 12?
12
Let k = 256 + -248. Suppose -2*q - 256 = -3*p, 3*p + 5*q = 8*p - 420. Calculate the highest common factor of p and k.
8
Suppose 80 = k + k. Suppose 2*b + 2*n = 14, 4*b - 3*n - 31 = -6*n. What is the highest common factor of k and b?
10
Suppose 2*w + 0*w - 36 = 0. Suppose -b + 10 = -w. Suppose -l - b = -3*l. Calculate the highest common divisor of 154 and l.
14
Suppose -3*p = -p - 132. Let x = p - 46. What is the greatest common divisor of x and 40?
20
Suppose 9*l - 9 = 72. What is the highest common factor of l and 99?
9
Let z = 15 + 15. Calculate the greatest common factor of z and 45.
15
Let z = -6 - -18. Let i be 6 + (-6 - -3) + 0. What is the greatest common divisor of i and z?
3
Let c = -6 - -18. Let m = -8 + c. What is the greatest common factor of 1 and m?
1
Let v(w) be the second derivative of w**4/12 + w**3/2 + 2*w**2 - 3*w. Let y be v(-3). Suppose 0 = y*o + o - 30. Calculate the highest common factor of o and 15.
3
Let k(z) = -z + 10*z**2 + 3*z - 2*z**2 + 3. Let m be k(-5). Let g be m/4 + (-3)/12. Calculate the greatest common divisor of g and 6.
6
Suppose z - i = 13, i + 5 = -z + 18. What is the greatest common factor of z and 13?
13
Let i(f) = 2*f**2 + 3*f + 1. Let n(m) = -m**3 + m**2 - m - 5. Let v be n(0). Let h be i(v). Calculate the highest common factor of h and 12.
12
Suppose 5*y + 33 = 2*f, -y - 3*f + 2 + 5 = 0. Let v be 2/y 